me number?
True
Is 99469 a composite number?
False
Is 107603 a composite number?
False
Is 390503 prime?
True
Is 641 a composite number?
False
Is 11861 prime?
False
Is 80611 a prime number?
True
Is 387001 a prime number?
False
Is 52727 composite?
False
Is 9767185 a composite number?
True
Is 2927 prime?
True
Is 10753 a composite number?
False
Is 17707 prime?
True
Is 272131 a composite number?
False
Is 4289781 composite?
True
Is 7069 composite?
False
Is 30757 composite?
False
Is 16117 a composite number?
True
Is 106591 a composite number?
False
Is 25151 composite?
True
Is 182057 a prime number?
True
Is 779 prime?
False
Is 578257 prime?
False
Is 1361 composite?
False
Is 116026 a composite number?
True
Is 101911 composite?
True
Is 659 composite?
False
Is 8641 prime?
True
Is 2567879 a prime number?
True
Is 73751 a composite number?
False
Is 564513 a composite number?
True
Is 11435 prime?
False
Is 18053 composite?
True
Is 66359 prime?
True
Is 4083 prime?
False
Is 943 a prime number?
False
Is 1247893 a composite number?
False
Is 34229 composite?
True
Is 2841 composite?
True
Is 32807 prime?
False
Is 93667 prime?
False
Is 3719 a prime number?
True
Is 62761 prime?
True
Is 7123 a prime number?
False
Is 38953 composite?
False
Is 304574 a prime number?
False
Is 368185 composite?
True
Is 458827 a composite number?
True
Is 104817 composite?
True
Is 12745 composite?
True
Is 2891659 a composite number?
True
Is 11957 a prime number?
False
Is 85879 composite?
True
Is 1847 composite?
False
Is 325573 a composite number?
True
Is 563767 composite?
True
Is 18119 a prime number?
True
Is 343477 composite?
True
Is 84827 a composite number?
False
Is 306898 a composite number?
True
Is 48394 prime?
False
Is 33563 composite?
False
Is 813521 prime?
False
Is 913 a composite number?
True
Is 13863 a prime number?
False
Is 10321 composite?
False
Is 4699 a composite number?
True
Is 754009 a prime number?
False
Is 65197 composite?
True
Is 57637 prime?
True
Is 266495 composite?
True
Is 100537 a composite number?
False
Is 4721 composite?
False
Is 13811 prime?
False
Is 28111 a composite number?
False
Is 1036153 a composite number?
False
Is 212669 composite?
False
Is 4903 a prime number?
True
Is 5129 prime?
False
Is 57637 prime?
True
Is 85219 a prime number?
False
Is 65437 prime?
True
Is 364003 composite?
True
Is 137927 a prime number?
True
Is 26447 a composite number?
True
Is 1750979 composite?
False
Is 50647 composite?
False
Is 433385 prime?
False
Is 433571 a prime number?
True
Is 109957 composite?
True
Is 22411 a composite number?
True
Is 14281 composite?
False
Is 194801 composite?
True
Is 907 a composite number?
False
Is 918249 prime?
False
Is 9631 composite?
False
Is 89161 a composite number?
True
Is 895421 a composite number?
False
Is 18059 prime?
True
Is 1537 a composite number?
True
Is 2333 a composite number?
False
Is 2099 a prime number?
True
Is 132017 a composite number?
True
Is 78851 prime?
False
Is 1814 a composite number?
True
Is 1385629 a composite number?
True
Is 179071 composite?
True
Is 907 a prime number?
True
Is 1031 a composite number?
False
Is 18674 prime?
False
Is 485453 a prime number?
False
Is 100847 prime?
True
Is 301337 a composite number?
True
Is 13753 prime?
False
Is 450682 a prime number?
False
Is 62621 composite?
True
Is 33869 prime?
False
Is 917 prime?
False
Is 3109 prime?
True
Is 170211 composite?
True
Is 811457 composite?
False
Is 46993 composite?
False
Is 575153 a prime number?
True
Is 340069 prime?
False
Is 23557 prime?
True
Is 2893 prime?
False
Is 13441 composite?
False
Is 18041 a prime number?
True
Is 11533 composite?
True
Is 1759 composite?
False
Is 184057 a composite number?
False
Is 697987 a composite number?
True
Is 18301 a composite number?
False
Is 719 prime?
True
Is 62233 prime?
True
Is 6469 prime?
True
Is 1165447 a composite number?
False
Is 93263 prime?
True
Is 11027 prime?
True
Is 140018 composite?
True
Is 591739 composite?
False
Is 42647 a composite number?
True
Is 23281 composite?
True
Is 2195339 a prime number?
True
Is 23407 composite?
True
Is 586987 a prime number?
False
Is 818399 a prime number?
True
Is 4721 a prime number?
True
Is 13159 composite?
False
Is 3761 a composite number?
False
Is 143711 prime?
True
Is 8419 a prime number?
True
Is 327797 prime?
True
Is 240829 a composite number?
False
Is 11351 composite?
False
Is 9673 a composite number?
True
Is 14369 a prime number?
True
Is 26583 a prime number?
False
Is 14023 a composite number?
True
Is 371823 a prime number?
False
Is 31121 prime?
True
Is 2942 composite?
True
Is 184823 a prime number?
True
Is 133583 composite?
False
Is 1801 prime?
True
Is 14239 composite?
True
Is 1249 a composite number?
False
Is 141031 a composite number?
True
Is 1949 a prime number?
True
Is 289657 a composite number?
False
Is 44563 a composite number?
False
Is 22799 composite?
True
Is 105753 a composite number?
True
Is 7841 composite?
False
Is 107419 a composite number?
True
Is 91493 a prime number?
True
Is 9733 a composite number?
False
Is 20701 composite?
True
Is 59174 composite?
True
Is 65891 a composite number?
True
Is 371919 a prime number?
False
Is 124847 a prime number?
True
Is 10559 a composite number?
False
Is 3037 prime?
True
Is 969163 a prime number?
False
Is 4139 composite?
False
Is 9901 a prime number?
True
Is 1785191 prime?
False
Is 989 composite?
True
Is 102631 a prime number?
False
Is 249037 a composite number?
False
Is 156007 prime?
True
Is 717841 prime?
True
Is 23249 composite?
True
Is 9901 prime?
True
Is 9277 a prime number?
True
Is 274801 a prime number?
False
Is 10133 a composite number?
False
Is 171131 a composite number?
False
Is 4703 prime?
True
Is 128263 prime?
False
Is 1059 prime?
False
Is 1592797 a prime number?
True
Is 1817 prime?
False
Is 436729 a prime number?
True
Is 319 composite?
True
Is 1397 a prime number?
False
Is 6043 prime?
True
Is 176459 composite?
False
Is 9257711 composite?
False
Is 877 prime?
True
Is 63719 a prime number?
True
Is 9199 composite?
False
Is 719 a prime number?
True
Is 10473 a composite number?
True
Is 69166 a composite number?
True
Is 328385 composite?
True
Is 1831949 composite?
True
Is 265 a composite number?
True
Is 62255 prime?
False
Is 11863 prime?
True
Is 6619 a composite number?
False
Is 24487 prime?
False
Is 4885 a prime number?
False
Is 353499 a prime number?
False
Is 555053 a composite number?
False
Is 377513 prime?
True
Is 4599493 a composite number?
False
Is 106891 a composite number?
True
Is 6247 a composite number?
False
Is 2279839 a composite number?
False
Is 64217 composite?
False
Is 120487 prime?
False
Is 34421 a composite number?
False
Is 919 composite?
False
Is 8749 composite?
True
Is 1161521 a prime number?
True
Is 95167 a prime number?
False
Is 3439 a prime number?
False
Is 10687 prime?
True
Is 147277 composite?
True
Is 22105 prime?
False
Is 379 a composite number?
False
Is 1471 prime?
True
Is 18527 composite?
True
Is 93037 a prime number?
False
Is 91673 a composite number?
False
Is 7651 composite?
True
Is 1920973 prime?
False
Is 1026757 composite?
False
Is 7151 a prime number?
True
Is 4397 prime?
True
Is 8727 a prime number?
False
Is 501 composite?
True
Is 133067 prime?
False
Is 669451 prime?
True
Is 649 a prime number?
False
Is 80701 a prime number?
True
Is 48179 a prime number?
True
Is 4537987 a composite number?
False
Is 13253 prime?
False
Is 217397 a prime number?
True
Is 84589 prime?
True
Is 301457 composite?
True
Is 202859 composite?
False
Is 37061 a prime number?
True
Is 218429 a composite number?
True
Is 1439729 composite?
False
Is 11333 prime?
False
Is 9553 prime?
False
Is 156971 a composite number?
False
Is 34781 a prime number?
True
Is 14519 a prime number?
True
Is 191 a composite number?
False
Is 4763 composite?
True
Is 2729 a composite number?
False
Is 222463 prime?
False
Is 302083 a composite number?
True
Is 8501 a prime number?
True
Is 26627 a composite number?
False
Is 91747 composite?
True
Is 463679 a prime number?
True
Is 6037 prime?
True
Is 12581 a prime number?
False
Is 16921 prime?
True
Is 13523 composite?
False
Is 525547 composite?
True
Is 69569 a prime number?
False
Is 677 a composite number?
False
Is 50867 prime?
True
Is 1378129 composite?
False
Is 24317 prime?
True
Is 3979 composite?
True
Is 55163 